{"id":1126,"date":"2021-03-27T15:43:56","date_gmt":"2021-03-27T14:43:56","guid":{"rendered":"http:\/\/www.francois-roue.fr\/?post_type=portfolio&#038;p=1126"},"modified":"2021-07-01T09:42:30","modified_gmt":"2021-07-01T08:42:30","slug":"action-commerce","status":"publish","type":"portfolio","link":"https:\/\/www.francois-roue.fr\/index.php\/portfolio\/action-commerce\/","title":{"rendered":"Action commerce"},"content":{"rendered":"<p><img loading=\"lazy\" decoding=\"async\" class=\"alignleft wp-image-1135 size-full\" src=\"http:\/\/www.francois-roue.fr\/wp-content\/uploads\/2021\/03\/Vue_1.jpg\" alt=\"\" width=\"3508\" height=\"2480\" srcset=\"https:\/\/www.francois-roue.fr\/wp-content\/uploads\/2021\/03\/Vue_1.jpg 3508w, https:\/\/www.francois-roue.fr\/wp-content\/uploads\/2021\/03\/Vue_1-150x106.jpg 150w, https:\/\/www.francois-roue.fr\/wp-content\/uploads\/2021\/03\/Vue_1-300x212.jpg 300w, https:\/\/www.francois-roue.fr\/wp-content\/uploads\/2021\/03\/Vue_1-768x543.jpg 768w, https:\/\/www.francois-roue.fr\/wp-content\/uploads\/2021\/03\/Vue_1-1024x724.jpg 1024w, https:\/\/www.francois-roue.fr\/wp-content\/uploads\/2021\/03\/Vue_1-780x551.jpg 780w, https:\/\/www.francois-roue.fr\/wp-content\/uploads\/2021\/03\/Vue_1-1200x848.jpg 1200w, https:\/\/www.francois-roue.fr\/wp-content\/uploads\/2021\/03\/Vue_1-400x283.jpg 400w\" sizes=\"auto, (max-width: 3508px) 100vw, 3508px\" \/><\/p>\n<h1>Appel aux porteurs de projet<\/h1>\n<p>Afin de diversifier l&rsquo;offre de commerce de proximit\u00e9, la ville pr\u00e9empte certains commerces qui cessent leur activit\u00e9. L&rsquo;ambition est d&rsquo;aider les porteurs de projet \u00e0 s&rsquo;y installer et d\u00e9velopper leur boutique. J&rsquo;ai ainsi cr\u00e9\u00e9 une campagne de communication graphique sur les commerces informant les entrepreneurs potentiels de la disponibilit\u00e9 des locaux et les invitant \u00e0 se rapprocher de la collectivit\u00e9 pour b\u00e9n\u00e9ficier d&rsquo;un accompagnement.<\/p>\n<p><img loading=\"lazy\" decoding=\"async\" class=\"alignleft wp-image-1136 size-full\" src=\"http:\/\/www.francois-roue.fr\/wp-content\/uploads\/2021\/03\/phildar_vue_ensemble-e1616858456965.jpg\" alt=\"\" width=\"3572\" height=\"1581\" srcset=\"https:\/\/www.francois-roue.fr\/wp-content\/uploads\/2021\/03\/phildar_vue_ensemble-e1616858456965.jpg 3572w, https:\/\/www.francois-roue.fr\/wp-content\/uploads\/2021\/03\/phildar_vue_ensemble-e1616858456965-150x66.jpg 150w, https:\/\/www.francois-roue.fr\/wp-content\/uploads\/2021\/03\/phildar_vue_ensemble-e1616858456965-300x133.jpg 300w, https:\/\/www.francois-roue.fr\/wp-content\/uploads\/2021\/03\/phildar_vue_ensemble-e1616858456965-768x340.jpg 768w, https:\/\/www.francois-roue.fr\/wp-content\/uploads\/2021\/03\/phildar_vue_ensemble-e1616858456965-1024x453.jpg 1024w, https:\/\/www.francois-roue.fr\/wp-content\/uploads\/2021\/03\/phildar_vue_ensemble-e1616858456965-780x345.jpg 780w, https:\/\/www.francois-roue.fr\/wp-content\/uploads\/2021\/03\/phildar_vue_ensemble-e1616858456965-1200x531.jpg 1200w, https:\/\/www.francois-roue.fr\/wp-content\/uploads\/2021\/03\/phildar_vue_ensemble-e1616858456965-400x177.jpg 400w\" sizes=\"auto, (max-width: 3572px) 100vw, 3572px\" \/><\/p>\n<p><img loading=\"lazy\" decoding=\"async\" class=\"alignleft size-large wp-image-1142\" src=\"http:\/\/www.francois-roue.fr\/wp-content\/uploads\/2021\/03\/159_av_PVC_v2_au_cinquieme_A3-1024x724.jpg\" alt=\"\" width=\"1024\" height=\"724\" srcset=\"https:\/\/www.francois-roue.fr\/wp-content\/uploads\/2021\/03\/159_av_PVC_v2_au_cinquieme_A3-1024x724.jpg 1024w, https:\/\/www.francois-roue.fr\/wp-content\/uploads\/2021\/03\/159_av_PVC_v2_au_cinquieme_A3-150x106.jpg 150w, https:\/\/www.francois-roue.fr\/wp-content\/uploads\/2021\/03\/159_av_PVC_v2_au_cinquieme_A3-300x212.jpg 300w, https:\/\/www.francois-roue.fr\/wp-content\/uploads\/2021\/03\/159_av_PVC_v2_au_cinquieme_A3-768x543.jpg 768w, https:\/\/www.francois-roue.fr\/wp-content\/uploads\/2021\/03\/159_av_PVC_v2_au_cinquieme_A3-780x551.jpg 780w, https:\/\/www.francois-roue.fr\/wp-content\/uploads\/2021\/03\/159_av_PVC_v2_au_cinquieme_A3-1200x848.jpg 1200w, https:\/\/www.francois-roue.fr\/wp-content\/uploads\/2021\/03\/159_av_PVC_v2_au_cinquieme_A3-400x283.jpg 400w, https:\/\/www.francois-roue.fr\/wp-content\/uploads\/2021\/03\/159_av_PVC_v2_au_cinquieme_A3.jpg 1920w\" sizes=\"auto, (max-width: 1024px) 100vw, 1024px\" \/><img loading=\"lazy\" decoding=\"async\" class=\"alignleft size-large wp-image-1144\" src=\"http:\/\/www.francois-roue.fr\/wp-content\/uploads\/2021\/03\/159_avenue_PVC_1-1024x724.jpg\" alt=\"\" width=\"1024\" height=\"724\" srcset=\"https:\/\/www.francois-roue.fr\/wp-content\/uploads\/2021\/03\/159_avenue_PVC_1-1024x724.jpg 1024w, https:\/\/www.francois-roue.fr\/wp-content\/uploads\/2021\/03\/159_avenue_PVC_1-150x106.jpg 150w, https:\/\/www.francois-roue.fr\/wp-content\/uploads\/2021\/03\/159_avenue_PVC_1-300x212.jpg 300w, https:\/\/www.francois-roue.fr\/wp-content\/uploads\/2021\/03\/159_avenue_PVC_1-768x543.jpg 768w, https:\/\/www.francois-roue.fr\/wp-content\/uploads\/2021\/03\/159_avenue_PVC_1-780x551.jpg 780w, https:\/\/www.francois-roue.fr\/wp-content\/uploads\/2021\/03\/159_avenue_PVC_1-1200x848.jpg 1200w, https:\/\/www.francois-roue.fr\/wp-content\/uploads\/2021\/03\/159_avenue_PVC_1-400x283.jpg 400w, https:\/\/www.francois-roue.fr\/wp-content\/uploads\/2021\/03\/159_avenue_PVC_1.jpg 1920w\" sizes=\"auto, (max-width: 1024px) 100vw, 1024px\" \/> <img loading=\"lazy\" decoding=\"async\" class=\"alignleft wp-image-1146\" src=\"http:\/\/www.francois-roue.fr\/wp-content\/uploads\/2021\/03\/20210225_123055-1024x724.jpg\" alt=\"\" width=\"990\" height=\"700\" srcset=\"https:\/\/www.francois-roue.fr\/wp-content\/uploads\/2021\/03\/20210225_123055-1024x724.jpg 1024w, https:\/\/www.francois-roue.fr\/wp-content\/uploads\/2021\/03\/20210225_123055-150x106.jpg 150w, https:\/\/www.francois-roue.fr\/wp-content\/uploads\/2021\/03\/20210225_123055-300x212.jpg 300w, https:\/\/www.francois-roue.fr\/wp-content\/uploads\/2021\/03\/20210225_123055-768x543.jpg 768w, https:\/\/www.francois-roue.fr\/wp-content\/uploads\/2021\/03\/20210225_123055-780x551.jpg 780w, https:\/\/www.francois-roue.fr\/wp-content\/uploads\/2021\/03\/20210225_123055-1200x848.jpg 1200w, https:\/\/www.francois-roue.fr\/wp-content\/uploads\/2021\/03\/20210225_123055-400x283.jpg 400w, https:\/\/www.francois-roue.fr\/wp-content\/uploads\/2021\/03\/20210225_123055.jpg 1920w\" sizes=\"auto, (max-width: 990px) 100vw, 990px\" \/><img loading=\"lazy\" decoding=\"async\" class=\"alignleft size-large wp-image-1155\" src=\"http:\/\/www.francois-roue.fr\/wp-content\/uploads\/2021\/03\/totem1-724x1024.jpg\" alt=\"\" width=\"724\" height=\"1024\" srcset=\"https:\/\/www.francois-roue.fr\/wp-content\/uploads\/2021\/03\/totem1-724x1024.jpg 724w, https:\/\/www.francois-roue.fr\/wp-content\/uploads\/2021\/03\/totem1-106x150.jpg 106w, https:\/\/www.francois-roue.fr\/wp-content\/uploads\/2021\/03\/totem1-212x300.jpg 212w, https:\/\/www.francois-roue.fr\/wp-content\/uploads\/2021\/03\/totem1-768x1086.jpg 768w, https:\/\/www.francois-roue.fr\/wp-content\/uploads\/2021\/03\/totem1-780x1103.jpg 780w, https:\/\/www.francois-roue.fr\/wp-content\/uploads\/2021\/03\/totem1-400x566.jpg 400w, https:\/\/www.francois-roue.fr\/wp-content\/uploads\/2021\/03\/totem1.jpg 1131w\" sizes=\"auto, (max-width: 724px) 100vw, 724px\" \/><\/p>\n","protected":false},"excerpt":{"rendered":"<p>Appel aux porteurs de projet Afin de diversifier l&rsquo;offre de commerce de proximit\u00e9, la ville pr\u00e9empte certains commerces qui cessent leur activit\u00e9. L&rsquo;ambition est d&rsquo;aider les porteurs de projet \u00e0 s&rsquo;y installer et d\u00e9velopper leur boutique. J&rsquo;ai ainsi cr\u00e9\u00e9 une campagne de communication graphique sur les commerces informant les entrepreneurs potentiels de la disponibilit\u00e9 des [&hellip;]<\/p>\n","protected":false},"author":1,"featured_media":1175,"comment_status":"open","ping_status":"closed","template":"","meta":{"footnotes":""},"portfolio-category":[],"portfolio-tag":[],"class_list":["post-1126","portfolio","type-portfolio","status-publish","has-post-thumbnail","hentry"],"_links":{"self":[{"href":"https:\/\/www.francois-roue.fr\/index.php\/wp-json\/wp\/v2\/portfolio\/1126","targetHints":{"allow":["GET"]}}],"collection":[{"href":"https:\/\/www.francois-roue.fr\/index.php\/wp-json\/wp\/v2\/portfolio"}],"about":[{"href":"https:\/\/www.francois-roue.fr\/index.php\/wp-json\/wp\/v2\/types\/portfolio"}],"author":[{"embeddable":true,"href":"https:\/\/www.francois-roue.fr\/index.php\/wp-json\/wp\/v2\/users\/1"}],"replies":[{"embeddable":true,"href":"https:\/\/www.francois-roue.fr\/index.php\/wp-json\/wp\/v2\/comments?post=1126"}],"version-history":[{"count":16,"href":"https:\/\/www.francois-roue.fr\/index.php\/wp-json\/wp\/v2\/portfolio\/1126\/revisions"}],"predecessor-version":[{"id":1156,"href":"https:\/\/www.francois-roue.fr\/index.php\/wp-json\/wp\/v2\/portfolio\/1126\/revisions\/1156"}],"wp:featuredmedia":[{"embeddable":true,"href":"https:\/\/www.francois-roue.fr\/index.php\/wp-json\/wp\/v2\/media\/1175"}],"wp:attachment":[{"href":"https:\/\/www.francois-roue.fr\/index.php\/wp-json\/wp\/v2\/media?parent=1126"}],"wp:term":[{"taxonomy":"portfolio-category","embeddable":true,"href":"https:\/\/www.francois-roue.fr\/index.php\/wp-json\/wp\/v2\/portfolio-category?post=1126"},{"taxonomy":"portfolio-tag","embeddable":true,"href":"https:\/\/www.francois-roue.fr\/index.php\/wp-json\/wp\/v2\/portfolio-tag?post=1126"}],"curies":[{"name":"wp","href":"https:\/\/api.w.org\/{rel}","templated":true}]}}

<p><img loading="lazy" decoding="async" class="alignleft wp-image-1135 size-full" src="http://www.francois-roue.fr/wp-content/uploads/2021/03/Vue_1.jpg" alt="" width="3508" height="2480" srcset="https://www.francois-roue.fr/wp-content/uploads/2021/03/Vue_1.jpg 3508w, https://www.francois-roue.fr/wp-content/uploads/2021/03/Vue_1-150x106.jpg 150w, https://www.francois-roue.fr/wp-content/uploads/2021/03/Vue_1-300x212.jpg 300w, https://www.francois-roue.fr/wp-content/uploads/2021/03/Vue_1-768x543.jpg 768w, https://www.francois-roue.fr/wp-content/uploads/2021/03/Vue_1-1024x724.jpg 1024w, https://www.francois-roue.fr/wp-content/uploads/2021/03/Vue_1-780x551.jpg 780w, https://www.francois-roue.fr/wp-content/uploads/2021/03/Vue_1-1200x848.jpg 1200w, https://www.francois-roue.fr/wp-content/uploads/2021/03/Vue_1-400x283.jpg 400w" sizes="auto, (max-width: 3508px) 100vw, 3508px" /></p>
<h1>Appel aux porteurs de projet</h1>
<p>Afin de diversifier l&rsquo;offre de commerce de proximité, la ville préempte certains commerces qui cessent leur activité. L&rsquo;ambition est d&rsquo;aider les porteurs de projet à s&rsquo;y installer et développer leur boutique. J&rsquo;ai ainsi créé une campagne de communication graphique sur les commerces informant les entrepreneurs potentiels de la disponibilité des locaux et les invitant à se rapprocher de la collectivité pour bénéficier d&rsquo;un accompagnement.</p>
<p><img loading="lazy" decoding="async" class="alignleft wp-image-1136 size-full" src="http://www.francois-roue.fr/wp-content/uploads/2021/03/phildar_vue_ensemble-e1616858456965.jpg" alt="" width="3572" height="1581" srcset="https://www.francois-roue.fr/wp-content/uploads/2021/03/phildar_vue_ensemble-e1616858456965.jpg 3572w, https://www.francois-roue.fr/wp-content/uploads/2021/03/phildar_vue_ensemble-e1616858456965-150x66.jpg 150w, https://www.francois-roue.fr/wp-content/uploads/2021/03/phildar_vue_ensemble-e1616858456965-300x133.jpg 300w, https://www.francois-roue.fr/wp-content/uploads/2021/03/phildar_vue_ensemble-e1616858456965-768x340.jpg 768w, https://www.francois-roue.fr/wp-content/uploads/2021/03/phildar_vue_ensemble-e1616858456965-1024x453.jpg 1024w, https://www.francois-roue.fr/wp-content/uploads/2021/03/phildar_vue_ensemble-e1616858456965-780x345.jpg 780w, https://www.francois-roue.fr/wp-content/uploads/2021/03/phildar_vue_ensemble-e1616858456965-1200x531.jpg 1200w, https://www.francois-roue.fr/wp-content/uploads/2021/03/phildar_vue_ensemble-e1616858456965-400x177.jpg 400w" sizes="auto, (max-width: 3572px) 100vw, 3572px" /></p>
<p><img loading="lazy" decoding="async" class="alignleft size-large wp-image-1142" src="http://www.francois-roue.fr/wp-content/uploads/2021/03/159_av_PVC_v2_au_cinquieme_A3-1024x724.jpg" alt="" width="1024" height="724" srcset="https://www.francois-roue.fr/wp-content/uploads/2021/03/159_av_PVC_v2_au_cinquieme_A3-1024x724.jpg 1024w, https://www.francois-roue.fr/wp-content/uploads/2021/03/159_av_PVC_v2_au_cinquieme_A3-150x106.jpg 150w, https://www.francois-roue.fr/wp-content/uploads/2021/03/159_av_PVC_v2_au_cinquieme_A3-300x212.jpg 300w, https://www.francois-roue.fr/wp-content/uploads/2021/03/159_av_PVC_v2_au_cinquieme_A3-768x543.jpg 768w, https://www.francois-roue.fr/wp-content/uploads/2021/03/159_av_PVC_v2_au_cinquieme_A3-780x551.jpg 780w, https://www.francois-roue.fr/wp-content/uploads/2021/03/159_av_PVC_v2_au_cinquieme_A3-1200x848.jpg 1200w, https://www.francois-roue.fr/wp-content/uploads/2021/03/159_av_PVC_v2_au_cinquieme_A3-400x283.jpg 400w, https://www.francois-roue.fr/wp-content/uploads/2021/03/159_av_PVC_v2_au_cinquieme_A3.jpg 1920w" sizes="auto, (max-width: 1024px) 100vw, 1024px" /><img loading="lazy" decoding="async" class="alignleft size-large wp-image-1144" src="http://www.francois-roue.fr/wp-content/uploads/2021/03/159_avenue_PVC_1-1024x724.jpg" alt="" width="1024" height="724" srcset="https://www.francois-roue.fr/wp-content/uploads/2021/03/159_avenue_PVC_1-1024x724.jpg 1024w, https://www.francois-roue.fr/wp-content/uploads/2021/03/159_avenue_PVC_1-150x106.jpg 150w, https://www.francois-roue.fr/wp-content/uploads/2021/03/159_avenue_PVC_1-300x212.jpg 300w, https://www.francois-roue.fr/wp-content/uploads/2021/03/159_avenue_PVC_1-768x543.jpg 768w, https://www.francois-roue.fr/wp-content/uploads/2021/03/159_avenue_PVC_1-780x551.jpg 780w, https://www.francois-roue.fr/wp-content/uploads/2021/03/159_avenue_PVC_1-1200x848.jpg 1200w, https://www.francois-roue.fr/wp-content/uploads/2021/03/159_avenue_PVC_1-400x283.jpg 400w, https://www.francois-roue.fr/wp-content/uploads/2021/03/159_avenue_PVC_1.jpg 1920w" sizes="auto, (max-width: 1024px) 100vw, 1024px" /> <img loading="lazy" decoding="async" class="alignleft wp-image-1146" src="http://www.francois-roue.fr/wp-content/uploads/2021/03/20210225_123055-1024x724.jpg" alt="" width="990" height="700" srcset="https://www.francois-roue.fr/wp-content/uploads/2021/03/20210225_123055-1024x724.jpg 1024w, https://www.francois-roue.fr/wp-content/uploads/2021/03/20210225_123055-150x106.jpg 150w, https://www.francois-roue.fr/wp-content/uploads/2021/03/20210225_123055-300x212.jpg 300w, https://www.francois-roue.fr/wp-content/uploads/2021/03/20210225_123055-768x543.jpg 768w, https://www.francois-roue.fr/wp-content/uploads/2021/03/20210225_123055-780x551.jpg 780w, https://www.francois-roue.fr/wp-content/uploads/2021/03/20210225_123055-1200x848.jpg 1200w, https://www.francois-roue.fr/wp-content/uploads/2021/03/20210225_123055-400x283.jpg 400w, https://www.francois-roue.fr/wp-content/uploads/2021/03/20210225_123055.jpg 1920w" sizes="auto, (max-width: 990px) 100vw, 990px" /><img loading="lazy" decoding="async" class="alignleft size-large wp-image-1155" src="http://www.francois-roue.fr/wp-content/uploads/2021/03/totem1-724x1024.jpg" alt="" width="724" height="1024" srcset="https://www.francois-roue.fr/wp-content/uploads/2021/03/totem1-724x1024.jpg 724w, https://www.francois-roue.fr/wp-content/uploads/2021/03/totem1-106x150.jpg 106w, https://www.francois-roue.fr/wp-content/uploads/2021/03/totem1-212x300.jpg 212w, https://www.francois-roue.fr/wp-content/uploads/2021/03/totem1-768x1086.jpg 768w, https://www.francois-roue.fr/wp-content/uploads/2021/03/totem1-780x1103.jpg 780w, https://www.francois-roue.fr/wp-content/uploads/2021/03/totem1-400x566.jpg 400w, https://www.francois-roue.fr/wp-content/uploads/2021/03/totem1.jpg 1131w" sizes="auto, (max-width: 724px) 100vw, 724px" /></p>

<p>Appel aux porteurs de projet Afin de diversifier l&rsquo;offre de commerce de proximité, la ville préempte certains commerces qui cessent leur activité. L&rsquo;ambition est d&rsquo;aider les porteurs de projet à s&rsquo;y installer et développer leur boutique. J&rsquo;ai ainsi créé une campagne de communication graphique sur les commerces informant les entrepreneurs potentiels de la disponibilité des [&hellip;]</p>
