{"id":363,"date":"2020-01-09T12:30:33","date_gmt":"2020-01-09T11:30:33","guid":{"rendered":"http:\/\/www.francois-roue.fr\/?post_type=portfolio&#038;p=363"},"modified":"2020-04-23T09:43:44","modified_gmt":"2020-04-23T08:43:44","slug":"festival-des-cultures-urbaines-2017","status":"publish","type":"portfolio","link":"https:\/\/www.francois-roue.fr\/index.php\/portfolio\/festival-des-cultures-urbaines-2017\/","title":{"rendered":"Festival des cultures urbaines 2017"},"content":{"rendered":"<p><img loading=\"lazy\" decoding=\"async\" class=\"alignleft wp-image-1007\" src=\"http:\/\/www.francois-roue.fr\/wp-content\/uploads\/2020\/01\/Mur_murs_programme_201700911-1-700x1024.gif\" alt=\"\" width=\"600\" height=\"877\" srcset=\"https:\/\/www.francois-roue.fr\/wp-content\/uploads\/2020\/01\/Mur_murs_programme_201700911-1-700x1024.gif 700w, https:\/\/www.francois-roue.fr\/wp-content\/uploads\/2020\/01\/Mur_murs_programme_201700911-1-103x150.gif 103w, https:\/\/www.francois-roue.fr\/wp-content\/uploads\/2020\/01\/Mur_murs_programme_201700911-1-205x300.gif 205w, https:\/\/www.francois-roue.fr\/wp-content\/uploads\/2020\/01\/Mur_murs_programme_201700911-1-768x1123.gif 768w, https:\/\/www.francois-roue.fr\/wp-content\/uploads\/2020\/01\/Mur_murs_programme_201700911-1-780x1140.gif 780w, https:\/\/www.francois-roue.fr\/wp-content\/uploads\/2020\/01\/Mur_murs_programme_201700911-1-1200x1754.gif 1200w, https:\/\/www.francois-roue.fr\/wp-content\/uploads\/2020\/01\/Mur_murs_programme_201700911-1-400x585.gif 400w\" sizes=\"auto, (max-width: 600px) 100vw, 600px\" \/><\/p>\n<h1>Mur murs 2017<\/h1>\n<p>Mur murs, festival des cultures urbaines est un \u00e9v\u00e9nement consacr\u00e9 \u00e0 toutes les formes de cr\u00e9ations dans l&rsquo;espace public. Cette semaine culturelle propose au public d&rsquo;assister \u00e0 de nouvelles formes de cr\u00e9ations artistiques ayant pour th\u00e8me la ville et ses transformations.<br \/>\nChaque ann\u00e9e, une nouvelle identit\u00e9 est cr\u00e9\u00e9e pour le lieu car chaque \u00e9dition est unique. L&rsquo;\u00e9v\u00e9nement se questionne et se red\u00e9finit \u00e0 chaque \u00e9dition. Un logotype d&rsquo;\u00e9v\u00e9nement qui r\u00e9appara\u00eetrait chaque ann\u00e9e ne correspondait pas \u00e0 la nature mouvante du festival. L&rsquo;identit\u00e9 se devait de refl\u00e9ter une modernit\u00e9 par un travail graphique s&rsquo;inscrivant dans son \u00e9poque.<\/p>\n<p><img loading=\"lazy\" decoding=\"async\" class=\"alignleft wp-image-367 size-full\" src=\"http:\/\/www.francois-roue.fr\/wp-content\/uploads\/2020\/01\/Mur_mur_programme_interieur_1.jpg\" alt=\"\" width=\"1984\" height=\"1403\" srcset=\"https:\/\/www.francois-roue.fr\/wp-content\/uploads\/2020\/01\/Mur_mur_programme_interieur_1.jpg 1984w, https:\/\/www.francois-roue.fr\/wp-content\/uploads\/2020\/01\/Mur_mur_programme_interieur_1-150x106.jpg 150w, https:\/\/www.francois-roue.fr\/wp-content\/uploads\/2020\/01\/Mur_mur_programme_interieur_1-300x212.jpg 300w, https:\/\/www.francois-roue.fr\/wp-content\/uploads\/2020\/01\/Mur_mur_programme_interieur_1-768x543.jpg 768w, https:\/\/www.francois-roue.fr\/wp-content\/uploads\/2020\/01\/Mur_mur_programme_interieur_1-1024x724.jpg 1024w, https:\/\/www.francois-roue.fr\/wp-content\/uploads\/2020\/01\/Mur_mur_programme_interieur_1-780x552.jpg 780w, https:\/\/www.francois-roue.fr\/wp-content\/uploads\/2020\/01\/Mur_mur_programme_interieur_1-1200x849.jpg 1200w, https:\/\/www.francois-roue.fr\/wp-content\/uploads\/2020\/01\/Mur_mur_programme_interieur_1-400x283.jpg 400w\" sizes=\"auto, (max-width: 1984px) 100vw, 1984px\" \/><img loading=\"lazy\" decoding=\"async\" class=\"alignleft wp-image-368\" src=\"http:\/\/www.francois-roue.fr\/wp-content\/uploads\/2020\/01\/Mur_mur_programme_interieur_2.jpg\" alt=\"\" width=\"568\" height=\"401\" srcset=\"https:\/\/www.francois-roue.fr\/wp-content\/uploads\/2020\/01\/Mur_mur_programme_interieur_2.jpg 2149w, https:\/\/www.francois-roue.fr\/wp-content\/uploads\/2020\/01\/Mur_mur_programme_interieur_2-150x106.jpg 150w, https:\/\/www.francois-roue.fr\/wp-content\/uploads\/2020\/01\/Mur_mur_programme_interieur_2-300x212.jpg 300w, https:\/\/www.francois-roue.fr\/wp-content\/uploads\/2020\/01\/Mur_mur_programme_interieur_2-768x542.jpg 768w, https:\/\/www.francois-roue.fr\/wp-content\/uploads\/2020\/01\/Mur_mur_programme_interieur_2-1024x723.jpg 1024w, https:\/\/www.francois-roue.fr\/wp-content\/uploads\/2020\/01\/Mur_mur_programme_interieur_2-780x551.jpg 780w, https:\/\/www.francois-roue.fr\/wp-content\/uploads\/2020\/01\/Mur_mur_programme_interieur_2-1200x848.jpg 1200w, https:\/\/www.francois-roue.fr\/wp-content\/uploads\/2020\/01\/Mur_mur_programme_interieur_2-400x283.jpg 400w\" sizes=\"auto, (max-width: 568px) 100vw, 568px\" \/><img loading=\"lazy\" decoding=\"async\" class=\"alignleft wp-image-384\" src=\"http:\/\/www.francois-roue.fr\/wp-content\/uploads\/2020\/01\/Mur_mur_programme_interieur_3-1.jpg\" alt=\"\" width=\"568\" height=\"402\" srcset=\"https:\/\/www.francois-roue.fr\/wp-content\/uploads\/2020\/01\/Mur_mur_programme_interieur_3-1.jpg 2278w, https:\/\/www.francois-roue.fr\/wp-content\/uploads\/2020\/01\/Mur_mur_programme_interieur_3-1-150x106.jpg 150w, https:\/\/www.francois-roue.fr\/wp-content\/uploads\/2020\/01\/Mur_mur_programme_interieur_3-1-300x212.jpg 300w, https:\/\/www.francois-roue.fr\/wp-content\/uploads\/2020\/01\/Mur_mur_programme_interieur_3-1-768x543.jpg 768w, https:\/\/www.francois-roue.fr\/wp-content\/uploads\/2020\/01\/Mur_mur_programme_interieur_3-1-1024x724.jpg 1024w, https:\/\/www.francois-roue.fr\/wp-content\/uploads\/2020\/01\/Mur_mur_programme_interieur_3-1-780x552.jpg 780w, https:\/\/www.francois-roue.fr\/wp-content\/uploads\/2020\/01\/Mur_mur_programme_interieur_3-1-1200x849.jpg 1200w, https:\/\/www.francois-roue.fr\/wp-content\/uploads\/2020\/01\/Mur_mur_programme_interieur_3-1-400x283.jpg 400w\" sizes=\"auto, (max-width: 568px) 100vw, 568px\" \/><img loading=\"lazy\" decoding=\"async\" class=\"alignleft wp-image-995\" src=\"http:\/\/www.francois-roue.fr\/wp-content\/uploads\/2020\/01\/Mur_mur_programme_interieur_4-1024x724.jpg\" alt=\"\" width=\"568\" height=\"401\" srcset=\"https:\/\/www.francois-roue.fr\/wp-content\/uploads\/2020\/01\/Mur_mur_programme_interieur_4-1024x724.jpg 1024w, https:\/\/www.francois-roue.fr\/wp-content\/uploads\/2020\/01\/Mur_mur_programme_interieur_4-150x106.jpg 150w, https:\/\/www.francois-roue.fr\/wp-content\/uploads\/2020\/01\/Mur_mur_programme_interieur_4-300x212.jpg 300w, https:\/\/www.francois-roue.fr\/wp-content\/uploads\/2020\/01\/Mur_mur_programme_interieur_4-768x543.jpg 768w, https:\/\/www.francois-roue.fr\/wp-content\/uploads\/2020\/01\/Mur_mur_programme_interieur_4-780x551.jpg 780w, https:\/\/www.francois-roue.fr\/wp-content\/uploads\/2020\/01\/Mur_mur_programme_interieur_4-1200x848.jpg 1200w, https:\/\/www.francois-roue.fr\/wp-content\/uploads\/2020\/01\/Mur_mur_programme_interieur_4-400x283.jpg 400w\" sizes=\"auto, (max-width: 568px) 100vw, 568px\" \/> <img loading=\"lazy\" decoding=\"async\" class=\"alignleft wp-image-996\" src=\"http:\/\/www.francois-roue.fr\/wp-content\/uploads\/2020\/01\/Mur_mur_programme_interieur_5-1024x724.jpg\" alt=\"\" width=\"568\" height=\"401\" srcset=\"https:\/\/www.francois-roue.fr\/wp-content\/uploads\/2020\/01\/Mur_mur_programme_interieur_5-1024x724.jpg 1024w, https:\/\/www.francois-roue.fr\/wp-content\/uploads\/2020\/01\/Mur_mur_programme_interieur_5-150x106.jpg 150w, https:\/\/www.francois-roue.fr\/wp-content\/uploads\/2020\/01\/Mur_mur_programme_interieur_5-300x212.jpg 300w, https:\/\/www.francois-roue.fr\/wp-content\/uploads\/2020\/01\/Mur_mur_programme_interieur_5-768x543.jpg 768w, https:\/\/www.francois-roue.fr\/wp-content\/uploads\/2020\/01\/Mur_mur_programme_interieur_5-780x551.jpg 780w, https:\/\/www.francois-roue.fr\/wp-content\/uploads\/2020\/01\/Mur_mur_programme_interieur_5-1200x848.jpg 1200w, https:\/\/www.francois-roue.fr\/wp-content\/uploads\/2020\/01\/Mur_mur_programme_interieur_5-400x283.jpg 400w\" sizes=\"auto, (max-width: 568px) 100vw, 568px\" \/>\u00a0 <img loading=\"lazy\" decoding=\"async\" class=\"alignleft size-large wp-image-1011\" src=\"http:\/\/www.francois-roue.fr\/wp-content\/uploads\/2020\/01\/17-09-30-balade-urbaine-GRD-5-NWI-004-1024x724.jpg\" alt=\"\" width=\"1024\" height=\"724\" srcset=\"https:\/\/www.francois-roue.fr\/wp-content\/uploads\/2020\/01\/17-09-30-balade-urbaine-GRD-5-NWI-004-1024x724.jpg 1024w, https:\/\/www.francois-roue.fr\/wp-content\/uploads\/2020\/01\/17-09-30-balade-urbaine-GRD-5-NWI-004-150x106.jpg 150w, https:\/\/www.francois-roue.fr\/wp-content\/uploads\/2020\/01\/17-09-30-balade-urbaine-GRD-5-NWI-004-300x212.jpg 300w, https:\/\/www.francois-roue.fr\/wp-content\/uploads\/2020\/01\/17-09-30-balade-urbaine-GRD-5-NWI-004-768x543.jpg 768w, https:\/\/www.francois-roue.fr\/wp-content\/uploads\/2020\/01\/17-09-30-balade-urbaine-GRD-5-NWI-004-780x552.jpg 780w, https:\/\/www.francois-roue.fr\/wp-content\/uploads\/2020\/01\/17-09-30-balade-urbaine-GRD-5-NWI-004-1200x849.jpg 1200w, https:\/\/www.francois-roue.fr\/wp-content\/uploads\/2020\/01\/17-09-30-balade-urbaine-GRD-5-NWI-004-400x283.jpg 400w, https:\/\/www.francois-roue.fr\/wp-content\/uploads\/2020\/01\/17-09-30-balade-urbaine-GRD-5-NWI-004.jpg 1920w\" sizes=\"auto, (max-width: 1024px) 100vw, 1024px\" \/><img decoding=\"async\" class=\"alignleft wp-image-1008\" src=\"http:\/\/www.francois-roue.fr\/wp-content\/uploads\/2020\/01\/badge_web-1024x768.jpg\" alt=\"\" width=\"500,\" srcset=\"https:\/\/www.francois-roue.fr\/wp-content\/uploads\/2020\/01\/badge_web-1024x768.jpg 1024w, https:\/\/www.francois-roue.fr\/wp-content\/uploads\/2020\/01\/badge_web-150x113.jpg 150w, https:\/\/www.francois-roue.fr\/wp-content\/uploads\/2020\/01\/badge_web-300x225.jpg 300w, https:\/\/www.francois-roue.fr\/wp-content\/uploads\/2020\/01\/badge_web-768x576.jpg 768w, https:\/\/www.francois-roue.fr\/wp-content\/uploads\/2020\/01\/badge_web-780x585.jpg 780w, https:\/\/www.francois-roue.fr\/wp-content\/uploads\/2020\/01\/badge_web-1200x900.jpg 1200w, https:\/\/www.francois-roue.fr\/wp-content\/uploads\/2020\/01\/badge_web-400x300.jpg 400w, https:\/\/www.francois-roue.fr\/wp-content\/uploads\/2020\/01\/badge_web.jpg 1920w\" sizes=\"(max-width: 1024px) 100vw, 1024px\" \/><\/p>\n","protected":false},"excerpt":{"rendered":"<p>Mur murs 2017 Mur murs, festival des cultures urbaines est un \u00e9v\u00e9nement consacr\u00e9 \u00e0 toutes les formes de cr\u00e9ations dans l&rsquo;espace public. Cette semaine culturelle propose au public d&rsquo;assister \u00e0 de nouvelles formes de cr\u00e9ations artistiques ayant pour th\u00e8me la ville et ses transformations. Chaque ann\u00e9e, une nouvelle identit\u00e9 est cr\u00e9\u00e9e pour le lieu car [&hellip;]<\/p>\n","protected":false},"author":1,"featured_media":366,"comment_status":"open","ping_status":"closed","template":"","meta":{"footnotes":""},"portfolio-category":[16,14],"portfolio-tag":[],"class_list":["post-363","portfolio","type-portfolio","status-publish","has-post-thumbnail","hentry","portfolio-category-edition","portfolio-category-identite-graphique"],"_links":{"self":[{"href":"https:\/\/www.francois-roue.fr\/index.php\/wp-json\/wp\/v2\/portfolio\/363","targetHints":{"allow":["GET"]}}],"collection":[{"href":"https:\/\/www.francois-roue.fr\/index.php\/wp-json\/wp\/v2\/portfolio"}],"about":[{"href":"https:\/\/www.francois-roue.fr\/index.php\/wp-json\/wp\/v2\/types\/portfolio"}],"author":[{"embeddable":true,"href":"https:\/\/www.francois-roue.fr\/index.php\/wp-json\/wp\/v2\/users\/1"}],"replies":[{"embeddable":true,"href":"https:\/\/www.francois-roue.fr\/index.php\/wp-json\/wp\/v2\/comments?post=363"}],"version-history":[{"count":19,"href":"https:\/\/www.francois-roue.fr\/index.php\/wp-json\/wp\/v2\/portfolio\/363\/revisions"}],"predecessor-version":[{"id":1012,"href":"https:\/\/www.francois-roue.fr\/index.php\/wp-json\/wp\/v2\/portfolio\/363\/revisions\/1012"}],"wp:featuredmedia":[{"embeddable":true,"href":"https:\/\/www.francois-roue.fr\/index.php\/wp-json\/wp\/v2\/media\/366"}],"wp:attachment":[{"href":"https:\/\/www.francois-roue.fr\/index.php\/wp-json\/wp\/v2\/media?parent=363"}],"wp:term":[{"taxonomy":"portfolio-category","embeddable":true,"href":"https:\/\/www.francois-roue.fr\/index.php\/wp-json\/wp\/v2\/portfolio-category?post=363"},{"taxonomy":"portfolio-tag","embeddable":true,"href":"https:\/\/www.francois-roue.fr\/index.php\/wp-json\/wp\/v2\/portfolio-tag?post=363"}],"curies":[{"name":"wp","href":"https:\/\/api.w.org\/{rel}","templated":true}]}}

<p><img loading="lazy" decoding="async" class="alignleft wp-image-1007" src="http://www.francois-roue.fr/wp-content/uploads/2020/01/Mur_murs_programme_201700911-1-700x1024.gif" alt="" width="600" height="877" srcset="https://www.francois-roue.fr/wp-content/uploads/2020/01/Mur_murs_programme_201700911-1-700x1024.gif 700w, https://www.francois-roue.fr/wp-content/uploads/2020/01/Mur_murs_programme_201700911-1-103x150.gif 103w, https://www.francois-roue.fr/wp-content/uploads/2020/01/Mur_murs_programme_201700911-1-205x300.gif 205w, https://www.francois-roue.fr/wp-content/uploads/2020/01/Mur_murs_programme_201700911-1-768x1123.gif 768w, https://www.francois-roue.fr/wp-content/uploads/2020/01/Mur_murs_programme_201700911-1-780x1140.gif 780w, https://www.francois-roue.fr/wp-content/uploads/2020/01/Mur_murs_programme_201700911-1-1200x1754.gif 1200w, https://www.francois-roue.fr/wp-content/uploads/2020/01/Mur_murs_programme_201700911-1-400x585.gif 400w" sizes="auto, (max-width: 600px) 100vw, 600px" /></p>
<h1>Mur murs 2017</h1>
<p>Mur murs, festival des cultures urbaines est un événement consacré à toutes les formes de créations dans l&rsquo;espace public. Cette semaine culturelle propose au public d&rsquo;assister à de nouvelles formes de créations artistiques ayant pour thème la ville et ses transformations.<br />
Chaque année, une nouvelle identité est créée pour le lieu car chaque édition est unique. L&rsquo;événement se questionne et se redéfinit à chaque édition. Un logotype d&rsquo;événement qui réapparaîtrait chaque année ne correspondait pas à la nature mouvante du festival. L&rsquo;identité se devait de refléter une modernité par un travail graphique s&rsquo;inscrivant dans son époque.</p>
<p><img loading="lazy" decoding="async" class="alignleft wp-image-367 size-full" src="http://www.francois-roue.fr/wp-content/uploads/2020/01/Mur_mur_programme_interieur_1.jpg" alt="" width="1984" height="1403" srcset="https://www.francois-roue.fr/wp-content/uploads/2020/01/Mur_mur_programme_interieur_1.jpg 1984w, https://www.francois-roue.fr/wp-content/uploads/2020/01/Mur_mur_programme_interieur_1-150x106.jpg 150w, https://www.francois-roue.fr/wp-content/uploads/2020/01/Mur_mur_programme_interieur_1-300x212.jpg 300w, https://www.francois-roue.fr/wp-content/uploads/2020/01/Mur_mur_programme_interieur_1-768x543.jpg 768w, https://www.francois-roue.fr/wp-content/uploads/2020/01/Mur_mur_programme_interieur_1-1024x724.jpg 1024w, https://www.francois-roue.fr/wp-content/uploads/2020/01/Mur_mur_programme_interieur_1-780x552.jpg 780w, https://www.francois-roue.fr/wp-content/uploads/2020/01/Mur_mur_programme_interieur_1-1200x849.jpg 1200w, https://www.francois-roue.fr/wp-content/uploads/2020/01/Mur_mur_programme_interieur_1-400x283.jpg 400w" sizes="auto, (max-width: 1984px) 100vw, 1984px" /><img loading="lazy" decoding="async" class="alignleft wp-image-368" src="http://www.francois-roue.fr/wp-content/uploads/2020/01/Mur_mur_programme_interieur_2.jpg" alt="" width="568" height="401" srcset="https://www.francois-roue.fr/wp-content/uploads/2020/01/Mur_mur_programme_interieur_2.jpg 2149w, https://www.francois-roue.fr/wp-content/uploads/2020/01/Mur_mur_programme_interieur_2-150x106.jpg 150w, https://www.francois-roue.fr/wp-content/uploads/2020/01/Mur_mur_programme_interieur_2-300x212.jpg 300w, https://www.francois-roue.fr/wp-content/uploads/2020/01/Mur_mur_programme_interieur_2-768x542.jpg 768w, https://www.francois-roue.fr/wp-content/uploads/2020/01/Mur_mur_programme_interieur_2-1024x723.jpg 1024w, https://www.francois-roue.fr/wp-content/uploads/2020/01/Mur_mur_programme_interieur_2-780x551.jpg 780w, https://www.francois-roue.fr/wp-content/uploads/2020/01/Mur_mur_programme_interieur_2-1200x848.jpg 1200w, https://www.francois-roue.fr/wp-content/uploads/2020/01/Mur_mur_programme_interieur_2-400x283.jpg 400w" sizes="auto, (max-width: 568px) 100vw, 568px" /><img loading="lazy" decoding="async" class="alignleft wp-image-384" src="http://www.francois-roue.fr/wp-content/uploads/2020/01/Mur_mur_programme_interieur_3-1.jpg" alt="" width="568" height="402" srcset="https://www.francois-roue.fr/wp-content/uploads/2020/01/Mur_mur_programme_interieur_3-1.jpg 2278w, https://www.francois-roue.fr/wp-content/uploads/2020/01/Mur_mur_programme_interieur_3-1-150x106.jpg 150w, https://www.francois-roue.fr/wp-content/uploads/2020/01/Mur_mur_programme_interieur_3-1-300x212.jpg 300w, https://www.francois-roue.fr/wp-content/uploads/2020/01/Mur_mur_programme_interieur_3-1-768x543.jpg 768w, https://www.francois-roue.fr/wp-content/uploads/2020/01/Mur_mur_programme_interieur_3-1-1024x724.jpg 1024w, https://www.francois-roue.fr/wp-content/uploads/2020/01/Mur_mur_programme_interieur_3-1-780x552.jpg 780w, https://www.francois-roue.fr/wp-content/uploads/2020/01/Mur_mur_programme_interieur_3-1-1200x849.jpg 1200w, https://www.francois-roue.fr/wp-content/uploads/2020/01/Mur_mur_programme_interieur_3-1-400x283.jpg 400w" sizes="auto, (max-width: 568px) 100vw, 568px" /><img loading="lazy" decoding="async" class="alignleft wp-image-995" src="http://www.francois-roue.fr/wp-content/uploads/2020/01/Mur_mur_programme_interieur_4-1024x724.jpg" alt="" width="568" height="401" srcset="https://www.francois-roue.fr/wp-content/uploads/2020/01/Mur_mur_programme_interieur_4-1024x724.jpg 1024w, https://www.francois-roue.fr/wp-content/uploads/2020/01/Mur_mur_programme_interieur_4-150x106.jpg 150w, https://www.francois-roue.fr/wp-content/uploads/2020/01/Mur_mur_programme_interieur_4-300x212.jpg 300w, https://www.francois-roue.fr/wp-content/uploads/2020/01/Mur_mur_programme_interieur_4-768x543.jpg 768w, https://www.francois-roue.fr/wp-content/uploads/2020/01/Mur_mur_programme_interieur_4-780x551.jpg 780w, https://www.francois-roue.fr/wp-content/uploads/2020/01/Mur_mur_programme_interieur_4-1200x848.jpg 1200w, https://www.francois-roue.fr/wp-content/uploads/2020/01/Mur_mur_programme_interieur_4-400x283.jpg 400w" sizes="auto, (max-width: 568px) 100vw, 568px" /> <img loading="lazy" decoding="async" class="alignleft wp-image-996" src="http://www.francois-roue.fr/wp-content/uploads/2020/01/Mur_mur_programme_interieur_5-1024x724.jpg" alt="" width="568" height="401" srcset="https://www.francois-roue.fr/wp-content/uploads/2020/01/Mur_mur_programme_interieur_5-1024x724.jpg 1024w, https://www.francois-roue.fr/wp-content/uploads/2020/01/Mur_mur_programme_interieur_5-150x106.jpg 150w, https://www.francois-roue.fr/wp-content/uploads/2020/01/Mur_mur_programme_interieur_5-300x212.jpg 300w, https://www.francois-roue.fr/wp-content/uploads/2020/01/Mur_mur_programme_interieur_5-768x543.jpg 768w, https://www.francois-roue.fr/wp-content/uploads/2020/01/Mur_mur_programme_interieur_5-780x551.jpg 780w, https://www.francois-roue.fr/wp-content/uploads/2020/01/Mur_mur_programme_interieur_5-1200x848.jpg 1200w, https://www.francois-roue.fr/wp-content/uploads/2020/01/Mur_mur_programme_interieur_5-400x283.jpg 400w" sizes="auto, (max-width: 568px) 100vw, 568px" />  <img loading="lazy" decoding="async" class="alignleft size-large wp-image-1011" src="http://www.francois-roue.fr/wp-content/uploads/2020/01/17-09-30-balade-urbaine-GRD-5-NWI-004-1024x724.jpg" alt="" width="1024" height="724" srcset="https://www.francois-roue.fr/wp-content/uploads/2020/01/17-09-30-balade-urbaine-GRD-5-NWI-004-1024x724.jpg 1024w, https://www.francois-roue.fr/wp-content/uploads/2020/01/17-09-30-balade-urbaine-GRD-5-NWI-004-150x106.jpg 150w, https://www.francois-roue.fr/wp-content/uploads/2020/01/17-09-30-balade-urbaine-GRD-5-NWI-004-300x212.jpg 300w, https://www.francois-roue.fr/wp-content/uploads/2020/01/17-09-30-balade-urbaine-GRD-5-NWI-004-768x543.jpg 768w, https://www.francois-roue.fr/wp-content/uploads/2020/01/17-09-30-balade-urbaine-GRD-5-NWI-004-780x552.jpg 780w, https://www.francois-roue.fr/wp-content/uploads/2020/01/17-09-30-balade-urbaine-GRD-5-NWI-004-1200x849.jpg 1200w, https://www.francois-roue.fr/wp-content/uploads/2020/01/17-09-30-balade-urbaine-GRD-5-NWI-004-400x283.jpg 400w, https://www.francois-roue.fr/wp-content/uploads/2020/01/17-09-30-balade-urbaine-GRD-5-NWI-004.jpg 1920w" sizes="auto, (max-width: 1024px) 100vw, 1024px" /><img decoding="async" class="alignleft wp-image-1008" src="http://www.francois-roue.fr/wp-content/uploads/2020/01/badge_web-1024x768.jpg" alt="" width="500," srcset="https://www.francois-roue.fr/wp-content/uploads/2020/01/badge_web-1024x768.jpg 1024w, https://www.francois-roue.fr/wp-content/uploads/2020/01/badge_web-150x113.jpg 150w, https://www.francois-roue.fr/wp-content/uploads/2020/01/badge_web-300x225.jpg 300w, https://www.francois-roue.fr/wp-content/uploads/2020/01/badge_web-768x576.jpg 768w, https://www.francois-roue.fr/wp-content/uploads/2020/01/badge_web-780x585.jpg 780w, https://www.francois-roue.fr/wp-content/uploads/2020/01/badge_web-1200x900.jpg 1200w, https://www.francois-roue.fr/wp-content/uploads/2020/01/badge_web-400x300.jpg 400w, https://www.francois-roue.fr/wp-content/uploads/2020/01/badge_web.jpg 1920w" sizes="(max-width: 1024px) 100vw, 1024px" /></p>

<p>Mur murs 2017 Mur murs, festival des cultures urbaines est un événement consacré à toutes les formes de créations dans l&rsquo;espace public. Cette semaine culturelle propose au public d&rsquo;assister à de nouvelles formes de créations artistiques ayant pour thème la ville et ses transformations. Chaque année, une nouvelle identité est créée pour le lieu car [&hellip;]</p>
