{"id":554,"date":"2020-01-20T19:26:35","date_gmt":"2020-01-20T18:26:35","guid":{"rendered":"http:\/\/www.francois-roue.fr\/?post_type=portfolio&#038;p=554"},"modified":"2020-02-21T17:45:02","modified_gmt":"2020-02-21T16:45:02","slug":"imagine-vitry","status":"publish","type":"portfolio","link":"https:\/\/www.francois-roue.fr\/index.php\/portfolio\/imagine-vitry\/","title":{"rendered":"Imagine Vitry"},"content":{"rendered":"<p><img loading=\"lazy\" decoding=\"async\" class=\"alignleft wp-image-585 size-full\" src=\"http:\/\/www.francois-roue.fr\/wp-content\/uploads\/2020\/01\/logotype.jpg\" alt=\"\" width=\"1190\" height=\"842\" srcset=\"https:\/\/www.francois-roue.fr\/wp-content\/uploads\/2020\/01\/logotype.jpg 1190w, https:\/\/www.francois-roue.fr\/wp-content\/uploads\/2020\/01\/logotype-150x106.jpg 150w, https:\/\/www.francois-roue.fr\/wp-content\/uploads\/2020\/01\/logotype-300x212.jpg 300w, https:\/\/www.francois-roue.fr\/wp-content\/uploads\/2020\/01\/logotype-768x543.jpg 768w, https:\/\/www.francois-roue.fr\/wp-content\/uploads\/2020\/01\/logotype-1024x725.jpg 1024w, https:\/\/www.francois-roue.fr\/wp-content\/uploads\/2020\/01\/logotype-780x552.jpg 780w, https:\/\/www.francois-roue.fr\/wp-content\/uploads\/2020\/01\/logotype-400x283.jpg 400w\" sizes=\"auto, (max-width: 1190px) 100vw, 1190px\" \/><img loading=\"lazy\" decoding=\"async\" class=\"alignleft wp-image-649 size-full\" src=\"http:\/\/www.francois-roue.fr\/wp-content\/uploads\/2020\/01\/lettre.jpg\" alt=\"\" width=\"1600\" height=\"1130\" srcset=\"https:\/\/www.francois-roue.fr\/wp-content\/uploads\/2020\/01\/lettre.jpg 1600w, https:\/\/www.francois-roue.fr\/wp-content\/uploads\/2020\/01\/lettre-150x106.jpg 150w, https:\/\/www.francois-roue.fr\/wp-content\/uploads\/2020\/01\/lettre-300x212.jpg 300w, https:\/\/www.francois-roue.fr\/wp-content\/uploads\/2020\/01\/lettre-768x542.jpg 768w, https:\/\/www.francois-roue.fr\/wp-content\/uploads\/2020\/01\/lettre-1024x723.jpg 1024w, https:\/\/www.francois-roue.fr\/wp-content\/uploads\/2020\/01\/lettre-780x551.jpg 780w, https:\/\/www.francois-roue.fr\/wp-content\/uploads\/2020\/01\/lettre-1200x848.jpg 1200w, https:\/\/www.francois-roue.fr\/wp-content\/uploads\/2020\/01\/lettre-400x283.jpg 400w\" sizes=\"auto, (max-width: 1600px) 100vw, 1600px\" \/><img loading=\"lazy\" decoding=\"async\" class=\"alignleft wp-image-578 size-full\" src=\"http:\/\/www.francois-roue.fr\/wp-content\/uploads\/2020\/01\/affiche_120x176.jpg\" alt=\"\" width=\"1273\" height=\"900\" srcset=\"https:\/\/www.francois-roue.fr\/wp-content\/uploads\/2020\/01\/affiche_120x176.jpg 1273w, https:\/\/www.francois-roue.fr\/wp-content\/uploads\/2020\/01\/affiche_120x176-150x106.jpg 150w, https:\/\/www.francois-roue.fr\/wp-content\/uploads\/2020\/01\/affiche_120x176-300x212.jpg 300w, https:\/\/www.francois-roue.fr\/wp-content\/uploads\/2020\/01\/affiche_120x176-768x543.jpg 768w, https:\/\/www.francois-roue.fr\/wp-content\/uploads\/2020\/01\/affiche_120x176-1024x724.jpg 1024w, https:\/\/www.francois-roue.fr\/wp-content\/uploads\/2020\/01\/affiche_120x176-780x551.jpg 780w, https:\/\/www.francois-roue.fr\/wp-content\/uploads\/2020\/01\/affiche_120x176-1200x848.jpg 1200w, https:\/\/www.francois-roue.fr\/wp-content\/uploads\/2020\/01\/affiche_120x176-400x283.jpg 400w\" sizes=\"auto, (max-width: 1273px) 100vw, 1273px\" \/>En Automne 2017, la municipalit\u00e9 de Vitry organise un ensemble de rencontres publiques invitant les habitants \u00e0 \u00e9changer sur leur ville. Le projet de communication visuelle a inclut la conception d&rsquo;une identit\u00e9 graphique permettant d&rsquo;identifier l&rsquo;\u00e9v\u00e9nement et de la conception d&rsquo;un ensemble de supports de communication print et web.<\/p>\n<p>&nbsp;<\/p>\n<p><img loading=\"lazy\" decoding=\"async\" class=\"alignleft wp-image-630 size-full\" src=\"http:\/\/www.francois-roue.fr\/wp-content\/uploads\/2020\/01\/mag_special.jpg\" alt=\"\" width=\"2000\" height=\"1414\" srcset=\"https:\/\/www.francois-roue.fr\/wp-content\/uploads\/2020\/01\/mag_special.jpg 2000w, https:\/\/www.francois-roue.fr\/wp-content\/uploads\/2020\/01\/mag_special-150x106.jpg 150w, https:\/\/www.francois-roue.fr\/wp-content\/uploads\/2020\/01\/mag_special-300x212.jpg 300w, https:\/\/www.francois-roue.fr\/wp-content\/uploads\/2020\/01\/mag_special-768x543.jpg 768w, https:\/\/www.francois-roue.fr\/wp-content\/uploads\/2020\/01\/mag_special-1024x724.jpg 1024w, https:\/\/www.francois-roue.fr\/wp-content\/uploads\/2020\/01\/mag_special-780x551.jpg 780w, https:\/\/www.francois-roue.fr\/wp-content\/uploads\/2020\/01\/mag_special-1200x848.jpg 1200w, https:\/\/www.francois-roue.fr\/wp-content\/uploads\/2020\/01\/mag_special-400x283.jpg 400w\" sizes=\"auto, (max-width: 2000px) 100vw, 2000px\" \/><img loading=\"lazy\" decoding=\"async\" class=\"alignleft wp-image-629 size-full\" src=\"http:\/\/www.francois-roue.fr\/wp-content\/uploads\/2020\/01\/mag_special2.jpg\" alt=\"\" width=\"2000\" height=\"1414\" srcset=\"https:\/\/www.francois-roue.fr\/wp-content\/uploads\/2020\/01\/mag_special2.jpg 2000w, https:\/\/www.francois-roue.fr\/wp-content\/uploads\/2020\/01\/mag_special2-150x106.jpg 150w, https:\/\/www.francois-roue.fr\/wp-content\/uploads\/2020\/01\/mag_special2-300x212.jpg 300w, https:\/\/www.francois-roue.fr\/wp-content\/uploads\/2020\/01\/mag_special2-768x543.jpg 768w, https:\/\/www.francois-roue.fr\/wp-content\/uploads\/2020\/01\/mag_special2-1024x724.jpg 1024w, https:\/\/www.francois-roue.fr\/wp-content\/uploads\/2020\/01\/mag_special2-780x551.jpg 780w, https:\/\/www.francois-roue.fr\/wp-content\/uploads\/2020\/01\/mag_special2-1200x848.jpg 1200w, https:\/\/www.francois-roue.fr\/wp-content\/uploads\/2020\/01\/mag_special2-400x283.jpg 400w\" sizes=\"auto, (max-width: 2000px) 100vw, 2000px\" \/> <img loading=\"lazy\" decoding=\"async\" class=\"alignleft wp-image-592 size-large\" src=\"http:\/\/www.francois-roue.fr\/wp-content\/uploads\/2020\/01\/BACHE-1024x724.jpg\" alt=\"\" width=\"1024\" height=\"724\" srcset=\"https:\/\/www.francois-roue.fr\/wp-content\/uploads\/2020\/01\/BACHE-1024x724.jpg 1024w, https:\/\/www.francois-roue.fr\/wp-content\/uploads\/2020\/01\/BACHE-150x106.jpg 150w, https:\/\/www.francois-roue.fr\/wp-content\/uploads\/2020\/01\/BACHE-300x212.jpg 300w, https:\/\/www.francois-roue.fr\/wp-content\/uploads\/2020\/01\/BACHE-768x543.jpg 768w, https:\/\/www.francois-roue.fr\/wp-content\/uploads\/2020\/01\/BACHE-780x551.jpg 780w, https:\/\/www.francois-roue.fr\/wp-content\/uploads\/2020\/01\/BACHE-1200x848.jpg 1200w, https:\/\/www.francois-roue.fr\/wp-content\/uploads\/2020\/01\/BACHE-400x283.jpg 400w, https:\/\/www.francois-roue.fr\/wp-content\/uploads\/2020\/01\/BACHE.jpg 1600w\" sizes=\"auto, (max-width: 1024px) 100vw, 1024px\" \/><img loading=\"lazy\" decoding=\"async\" class=\"alignleft wp-image-636 size-large\" src=\"http:\/\/www.francois-roue.fr\/wp-content\/uploads\/2020\/02\/gazette-1009x1024.jpg\" alt=\"\" width=\"1009\" height=\"1024\" srcset=\"https:\/\/www.francois-roue.fr\/wp-content\/uploads\/2020\/02\/gazette-1009x1024.jpg 1009w, https:\/\/www.francois-roue.fr\/wp-content\/uploads\/2020\/02\/gazette-148x150.jpg 148w, https:\/\/www.francois-roue.fr\/wp-content\/uploads\/2020\/02\/gazette-296x300.jpg 296w, https:\/\/www.francois-roue.fr\/wp-content\/uploads\/2020\/02\/gazette-768x779.jpg 768w, https:\/\/www.francois-roue.fr\/wp-content\/uploads\/2020\/02\/gazette-100x100.jpg 100w, https:\/\/www.francois-roue.fr\/wp-content\/uploads\/2020\/02\/gazette-780x791.jpg 780w, https:\/\/www.francois-roue.fr\/wp-content\/uploads\/2020\/02\/gazette-1200x1217.jpg 1200w, https:\/\/www.francois-roue.fr\/wp-content\/uploads\/2020\/02\/gazette-400x406.jpg 400w, https:\/\/www.francois-roue.fr\/wp-content\/uploads\/2020\/02\/gazette.jpg 1600w\" sizes=\"auto, (max-width: 1009px) 100vw, 1009px\" \/><\/p>\n","protected":false},"excerpt":{"rendered":"<p>En Automne 2017, la municipalit\u00e9 de Vitry organise un ensemble de rencontres publiques invitant les habitants \u00e0 \u00e9changer sur leur ville. Le projet de communication visuelle a inclut la conception d&rsquo;une identit\u00e9 graphique permettant d&rsquo;identifier l&rsquo;\u00e9v\u00e9nement et de la conception d&rsquo;un ensemble de supports de communication print et web. &nbsp;<\/p>\n","protected":false},"author":1,"featured_media":555,"comment_status":"open","ping_status":"closed","template":"","meta":{"footnotes":""},"portfolio-category":[14],"portfolio-tag":[],"class_list":["post-554","portfolio","type-portfolio","status-publish","has-post-thumbnail","hentry","portfolio-category-identite-graphique"],"_links":{"self":[{"href":"https:\/\/www.francois-roue.fr\/index.php\/wp-json\/wp\/v2\/portfolio\/554","targetHints":{"allow":["GET"]}}],"collection":[{"href":"https:\/\/www.francois-roue.fr\/index.php\/wp-json\/wp\/v2\/portfolio"}],"about":[{"href":"https:\/\/www.francois-roue.fr\/index.php\/wp-json\/wp\/v2\/types\/portfolio"}],"author":[{"embeddable":true,"href":"https:\/\/www.francois-roue.fr\/index.php\/wp-json\/wp\/v2\/users\/1"}],"replies":[{"embeddable":true,"href":"https:\/\/www.francois-roue.fr\/index.php\/wp-json\/wp\/v2\/comments?post=554"}],"version-history":[{"count":12,"href":"https:\/\/www.francois-roue.fr\/index.php\/wp-json\/wp\/v2\/portfolio\/554\/revisions"}],"predecessor-version":[{"id":650,"href":"https:\/\/www.francois-roue.fr\/index.php\/wp-json\/wp\/v2\/portfolio\/554\/revisions\/650"}],"wp:featuredmedia":[{"embeddable":true,"href":"https:\/\/www.francois-roue.fr\/index.php\/wp-json\/wp\/v2\/media\/555"}],"wp:attachment":[{"href":"https:\/\/www.francois-roue.fr\/index.php\/wp-json\/wp\/v2\/media?parent=554"}],"wp:term":[{"taxonomy":"portfolio-category","embeddable":true,"href":"https:\/\/www.francois-roue.fr\/index.php\/wp-json\/wp\/v2\/portfolio-category?post=554"},{"taxonomy":"portfolio-tag","embeddable":true,"href":"https:\/\/www.francois-roue.fr\/index.php\/wp-json\/wp\/v2\/portfolio-tag?post=554"}],"curies":[{"name":"wp","href":"https:\/\/api.w.org\/{rel}","templated":true}]}}

<p><img loading="lazy" decoding="async" class="alignleft wp-image-585 size-full" src="http://www.francois-roue.fr/wp-content/uploads/2020/01/logotype.jpg" alt="" width="1190" height="842" srcset="https://www.francois-roue.fr/wp-content/uploads/2020/01/logotype.jpg 1190w, https://www.francois-roue.fr/wp-content/uploads/2020/01/logotype-150x106.jpg 150w, https://www.francois-roue.fr/wp-content/uploads/2020/01/logotype-300x212.jpg 300w, https://www.francois-roue.fr/wp-content/uploads/2020/01/logotype-768x543.jpg 768w, https://www.francois-roue.fr/wp-content/uploads/2020/01/logotype-1024x725.jpg 1024w, https://www.francois-roue.fr/wp-content/uploads/2020/01/logotype-780x552.jpg 780w, https://www.francois-roue.fr/wp-content/uploads/2020/01/logotype-400x283.jpg 400w" sizes="auto, (max-width: 1190px) 100vw, 1190px" /><img loading="lazy" decoding="async" class="alignleft wp-image-649 size-full" src="http://www.francois-roue.fr/wp-content/uploads/2020/01/lettre.jpg" alt="" width="1600" height="1130" srcset="https://www.francois-roue.fr/wp-content/uploads/2020/01/lettre.jpg 1600w, https://www.francois-roue.fr/wp-content/uploads/2020/01/lettre-150x106.jpg 150w, https://www.francois-roue.fr/wp-content/uploads/2020/01/lettre-300x212.jpg 300w, https://www.francois-roue.fr/wp-content/uploads/2020/01/lettre-768x542.jpg 768w, https://www.francois-roue.fr/wp-content/uploads/2020/01/lettre-1024x723.jpg 1024w, https://www.francois-roue.fr/wp-content/uploads/2020/01/lettre-780x551.jpg 780w, https://www.francois-roue.fr/wp-content/uploads/2020/01/lettre-1200x848.jpg 1200w, https://www.francois-roue.fr/wp-content/uploads/2020/01/lettre-400x283.jpg 400w" sizes="auto, (max-width: 1600px) 100vw, 1600px" /><img loading="lazy" decoding="async" class="alignleft wp-image-578 size-full" src="http://www.francois-roue.fr/wp-content/uploads/2020/01/affiche_120x176.jpg" alt="" width="1273" height="900" srcset="https://www.francois-roue.fr/wp-content/uploads/2020/01/affiche_120x176.jpg 1273w, https://www.francois-roue.fr/wp-content/uploads/2020/01/affiche_120x176-150x106.jpg 150w, https://www.francois-roue.fr/wp-content/uploads/2020/01/affiche_120x176-300x212.jpg 300w, https://www.francois-roue.fr/wp-content/uploads/2020/01/affiche_120x176-768x543.jpg 768w, https://www.francois-roue.fr/wp-content/uploads/2020/01/affiche_120x176-1024x724.jpg 1024w, https://www.francois-roue.fr/wp-content/uploads/2020/01/affiche_120x176-780x551.jpg 780w, https://www.francois-roue.fr/wp-content/uploads/2020/01/affiche_120x176-1200x848.jpg 1200w, https://www.francois-roue.fr/wp-content/uploads/2020/01/affiche_120x176-400x283.jpg 400w" sizes="auto, (max-width: 1273px) 100vw, 1273px" />En Automne 2017, la municipalité de Vitry organise un ensemble de rencontres publiques invitant les habitants à échanger sur leur ville. Le projet de communication visuelle a inclut la conception d&rsquo;une identité graphique permettant d&rsquo;identifier l&rsquo;événement et de la conception d&rsquo;un ensemble de supports de communication print et web.</p>
<p>&nbsp;</p>
<p><img loading="lazy" decoding="async" class="alignleft wp-image-630 size-full" src="http://www.francois-roue.fr/wp-content/uploads/2020/01/mag_special.jpg" alt="" width="2000" height="1414" srcset="https://www.francois-roue.fr/wp-content/uploads/2020/01/mag_special.jpg 2000w, https://www.francois-roue.fr/wp-content/uploads/2020/01/mag_special-150x106.jpg 150w, https://www.francois-roue.fr/wp-content/uploads/2020/01/mag_special-300x212.jpg 300w, https://www.francois-roue.fr/wp-content/uploads/2020/01/mag_special-768x543.jpg 768w, https://www.francois-roue.fr/wp-content/uploads/2020/01/mag_special-1024x724.jpg 1024w, https://www.francois-roue.fr/wp-content/uploads/2020/01/mag_special-780x551.jpg 780w, https://www.francois-roue.fr/wp-content/uploads/2020/01/mag_special-1200x848.jpg 1200w, https://www.francois-roue.fr/wp-content/uploads/2020/01/mag_special-400x283.jpg 400w" sizes="auto, (max-width: 2000px) 100vw, 2000px" /><img loading="lazy" decoding="async" class="alignleft wp-image-629 size-full" src="http://www.francois-roue.fr/wp-content/uploads/2020/01/mag_special2.jpg" alt="" width="2000" height="1414" srcset="https://www.francois-roue.fr/wp-content/uploads/2020/01/mag_special2.jpg 2000w, https://www.francois-roue.fr/wp-content/uploads/2020/01/mag_special2-150x106.jpg 150w, https://www.francois-roue.fr/wp-content/uploads/2020/01/mag_special2-300x212.jpg 300w, https://www.francois-roue.fr/wp-content/uploads/2020/01/mag_special2-768x543.jpg 768w, https://www.francois-roue.fr/wp-content/uploads/2020/01/mag_special2-1024x724.jpg 1024w, https://www.francois-roue.fr/wp-content/uploads/2020/01/mag_special2-780x551.jpg 780w, https://www.francois-roue.fr/wp-content/uploads/2020/01/mag_special2-1200x848.jpg 1200w, https://www.francois-roue.fr/wp-content/uploads/2020/01/mag_special2-400x283.jpg 400w" sizes="auto, (max-width: 2000px) 100vw, 2000px" /> <img loading="lazy" decoding="async" class="alignleft wp-image-592 size-large" src="http://www.francois-roue.fr/wp-content/uploads/2020/01/BACHE-1024x724.jpg" alt="" width="1024" height="724" srcset="https://www.francois-roue.fr/wp-content/uploads/2020/01/BACHE-1024x724.jpg 1024w, https://www.francois-roue.fr/wp-content/uploads/2020/01/BACHE-150x106.jpg 150w, https://www.francois-roue.fr/wp-content/uploads/2020/01/BACHE-300x212.jpg 300w, https://www.francois-roue.fr/wp-content/uploads/2020/01/BACHE-768x543.jpg 768w, https://www.francois-roue.fr/wp-content/uploads/2020/01/BACHE-780x551.jpg 780w, https://www.francois-roue.fr/wp-content/uploads/2020/01/BACHE-1200x848.jpg 1200w, https://www.francois-roue.fr/wp-content/uploads/2020/01/BACHE-400x283.jpg 400w, https://www.francois-roue.fr/wp-content/uploads/2020/01/BACHE.jpg 1600w" sizes="auto, (max-width: 1024px) 100vw, 1024px" /><img loading="lazy" decoding="async" class="alignleft wp-image-636 size-large" src="http://www.francois-roue.fr/wp-content/uploads/2020/02/gazette-1009x1024.jpg" alt="" width="1009" height="1024" srcset="https://www.francois-roue.fr/wp-content/uploads/2020/02/gazette-1009x1024.jpg 1009w, https://www.francois-roue.fr/wp-content/uploads/2020/02/gazette-148x150.jpg 148w, https://www.francois-roue.fr/wp-content/uploads/2020/02/gazette-296x300.jpg 296w, https://www.francois-roue.fr/wp-content/uploads/2020/02/gazette-768x779.jpg 768w, https://www.francois-roue.fr/wp-content/uploads/2020/02/gazette-100x100.jpg 100w, https://www.francois-roue.fr/wp-content/uploads/2020/02/gazette-780x791.jpg 780w, https://www.francois-roue.fr/wp-content/uploads/2020/02/gazette-1200x1217.jpg 1200w, https://www.francois-roue.fr/wp-content/uploads/2020/02/gazette-400x406.jpg 400w, https://www.francois-roue.fr/wp-content/uploads/2020/02/gazette.jpg 1600w" sizes="auto, (max-width: 1009px) 100vw, 1009px" /></p>

<p>En Automne 2017, la municipalité de Vitry organise un ensemble de rencontres publiques invitant les habitants à échanger sur leur ville. Le projet de communication visuelle a inclut la conception d&rsquo;une identité graphique permettant d&rsquo;identifier l&rsquo;événement et de la conception d&rsquo;un ensemble de supports de communication print et web. &nbsp;</p>
