{"id":686,"date":"2020-03-10T15:57:31","date_gmt":"2020-03-10T14:57:31","guid":{"rendered":"http:\/\/www.francois-roue.fr\/?post_type=portfolio&#038;p=686"},"modified":"2020-04-24T17:09:02","modified_gmt":"2020-04-24T16:09:02","slug":"tu-vois-le-genre","status":"publish","type":"portfolio","link":"https:\/\/www.francois-roue.fr\/index.php\/portfolio\/tu-vois-le-genre\/","title":{"rendered":"Tu vois le genre !"},"content":{"rendered":"<p><img loading=\"lazy\" decoding=\"async\" class=\"wp-image-961 alignleft\" src=\"http:\/\/www.francois-roue.fr\/wp-content\/uploads\/2020\/03\/Tu_vois_le_genre_logo2.jpg\" alt=\"\" width=\"707\" height=\"500\" srcset=\"https:\/\/www.francois-roue.fr\/wp-content\/uploads\/2020\/03\/Tu_vois_le_genre_logo2.jpg 900w, https:\/\/www.francois-roue.fr\/wp-content\/uploads\/2020\/03\/Tu_vois_le_genre_logo2-150x106.jpg 150w, https:\/\/www.francois-roue.fr\/wp-content\/uploads\/2020\/03\/Tu_vois_le_genre_logo2-300x212.jpg 300w, https:\/\/www.francois-roue.fr\/wp-content\/uploads\/2020\/03\/Tu_vois_le_genre_logo2-768x543.jpg 768w, https:\/\/www.francois-roue.fr\/wp-content\/uploads\/2020\/03\/Tu_vois_le_genre_logo2-780x551.jpg 780w, https:\/\/www.francois-roue.fr\/wp-content\/uploads\/2020\/03\/Tu_vois_le_genre_logo2-400x283.jpg 400w\" sizes=\"auto, (max-width: 707px) 100vw, 707px\" \/><\/p>\n<p>Cr\u00e9ation de l&rsquo;identit\u00e9 graphique de l&rsquo;\u00e9v\u00e9nement \u00ab\u00a0Tu vois le genre\u00a0\u00bb consacr\u00e9 \u00e0 la promotion de l&rsquo;\u00e9galit\u00e9 femme-homme sur le territoire.<img loading=\"lazy\" decoding=\"async\" class=\"size-full wp-image-959 alignleft\" src=\"http:\/\/www.francois-roue.fr\/wp-content\/uploads\/2020\/03\/totebag_logotype_A4-1.jpg\" alt=\"\" width=\"707\" height=\"1000\" srcset=\"https:\/\/www.francois-roue.fr\/wp-content\/uploads\/2020\/03\/totebag_logotype_A4-1.jpg 707w, https:\/\/www.francois-roue.fr\/wp-content\/uploads\/2020\/03\/totebag_logotype_A4-1-106x150.jpg 106w, https:\/\/www.francois-roue.fr\/wp-content\/uploads\/2020\/03\/totebag_logotype_A4-1-212x300.jpg 212w, https:\/\/www.francois-roue.fr\/wp-content\/uploads\/2020\/03\/totebag_logotype_A4-1-400x566.jpg 400w\" sizes=\"auto, (max-width: 707px) 100vw, 707px\" \/><\/p>\n","protected":false},"excerpt":{"rendered":"<p>Cr\u00e9ation de l&rsquo;identit\u00e9 graphique de l&rsquo;\u00e9v\u00e9nement \u00ab\u00a0Tu vois le genre\u00a0\u00bb consacr\u00e9 \u00e0 la promotion de l&rsquo;\u00e9galit\u00e9 femme-homme sur le territoire.<\/p>\n","protected":false},"author":1,"featured_media":689,"comment_status":"open","ping_status":"closed","template":"","meta":{"footnotes":""},"portfolio-category":[14],"portfolio-tag":[],"class_list":["post-686","portfolio","type-portfolio","status-publish","has-post-thumbnail","hentry","portfolio-category-identite-graphique"],"_links":{"self":[{"href":"https:\/\/www.francois-roue.fr\/index.php\/wp-json\/wp\/v2\/portfolio\/686","targetHints":{"allow":["GET"]}}],"collection":[{"href":"https:\/\/www.francois-roue.fr\/index.php\/wp-json\/wp\/v2\/portfolio"}],"about":[{"href":"https:\/\/www.francois-roue.fr\/index.php\/wp-json\/wp\/v2\/types\/portfolio"}],"author":[{"embeddable":true,"href":"https:\/\/www.francois-roue.fr\/index.php\/wp-json\/wp\/v2\/users\/1"}],"replies":[{"embeddable":true,"href":"https:\/\/www.francois-roue.fr\/index.php\/wp-json\/wp\/v2\/comments?post=686"}],"version-history":[{"count":6,"href":"https:\/\/www.francois-roue.fr\/index.php\/wp-json\/wp\/v2\/portfolio\/686\/revisions"}],"predecessor-version":[{"id":964,"href":"https:\/\/www.francois-roue.fr\/index.php\/wp-json\/wp\/v2\/portfolio\/686\/revisions\/964"}],"wp:featuredmedia":[{"embeddable":true,"href":"https:\/\/www.francois-roue.fr\/index.php\/wp-json\/wp\/v2\/media\/689"}],"wp:attachment":[{"href":"https:\/\/www.francois-roue.fr\/index.php\/wp-json\/wp\/v2\/media?parent=686"}],"wp:term":[{"taxonomy":"portfolio-category","embeddable":true,"href":"https:\/\/www.francois-roue.fr\/index.php\/wp-json\/wp\/v2\/portfolio-category?post=686"},{"taxonomy":"portfolio-tag","embeddable":true,"href":"https:\/\/www.francois-roue.fr\/index.php\/wp-json\/wp\/v2\/portfolio-tag?post=686"}],"curies":[{"name":"wp","href":"https:\/\/api.w.org\/{rel}","templated":true}]}}

<p><img loading="lazy" decoding="async" class="wp-image-961 alignleft" src="http://www.francois-roue.fr/wp-content/uploads/2020/03/Tu_vois_le_genre_logo2.jpg" alt="" width="707" height="500" srcset="https://www.francois-roue.fr/wp-content/uploads/2020/03/Tu_vois_le_genre_logo2.jpg 900w, https://www.francois-roue.fr/wp-content/uploads/2020/03/Tu_vois_le_genre_logo2-150x106.jpg 150w, https://www.francois-roue.fr/wp-content/uploads/2020/03/Tu_vois_le_genre_logo2-300x212.jpg 300w, https://www.francois-roue.fr/wp-content/uploads/2020/03/Tu_vois_le_genre_logo2-768x543.jpg 768w, https://www.francois-roue.fr/wp-content/uploads/2020/03/Tu_vois_le_genre_logo2-780x551.jpg 780w, https://www.francois-roue.fr/wp-content/uploads/2020/03/Tu_vois_le_genre_logo2-400x283.jpg 400w" sizes="auto, (max-width: 707px) 100vw, 707px" /></p>
<p>Création de l&rsquo;identité graphique de l&rsquo;événement « Tu vois le genre » consacré à la promotion de l&rsquo;égalité femme-homme sur le territoire.<img loading="lazy" decoding="async" class="size-full wp-image-959 alignleft" src="http://www.francois-roue.fr/wp-content/uploads/2020/03/totebag_logotype_A4-1.jpg" alt="" width="707" height="1000" srcset="https://www.francois-roue.fr/wp-content/uploads/2020/03/totebag_logotype_A4-1.jpg 707w, https://www.francois-roue.fr/wp-content/uploads/2020/03/totebag_logotype_A4-1-106x150.jpg 106w, https://www.francois-roue.fr/wp-content/uploads/2020/03/totebag_logotype_A4-1-212x300.jpg 212w, https://www.francois-roue.fr/wp-content/uploads/2020/03/totebag_logotype_A4-1-400x566.jpg 400w" sizes="auto, (max-width: 707px) 100vw, 707px" /></p>

<p>Création de l&rsquo;identité graphique de l&rsquo;événement « Tu vois le genre » consacré à la promotion de l&rsquo;égalité femme-homme sur le territoire.</p>
