{"id":718,"date":"2020-03-11T19:51:05","date_gmt":"2020-03-11T18:51:05","guid":{"rendered":"http:\/\/www.francois-roue.fr\/?post_type=portfolio&#038;p=718"},"modified":"2020-11-10T12:55:27","modified_gmt":"2020-11-10T11:55:27","slug":"trail-urbain","status":"publish","type":"portfolio","link":"https:\/\/www.francois-roue.fr\/index.php\/portfolio\/trail-urbain\/","title":{"rendered":"Trail urbain"},"content":{"rendered":"<h1><img loading=\"lazy\" decoding=\"async\" class=\"wp-image-719 alignleft\" src=\"http:\/\/www.francois-roue.fr\/wp-content\/uploads\/2020\/03\/Mur_murs_industrail_A3_2019-724x1024.jpg\" alt=\"\" width=\"636\" height=\"900\" srcset=\"https:\/\/www.francois-roue.fr\/wp-content\/uploads\/2020\/03\/Mur_murs_industrail_A3_2019-724x1024.jpg 724w, https:\/\/www.francois-roue.fr\/wp-content\/uploads\/2020\/03\/Mur_murs_industrail_A3_2019-106x150.jpg 106w, https:\/\/www.francois-roue.fr\/wp-content\/uploads\/2020\/03\/Mur_murs_industrail_A3_2019-212x300.jpg 212w, https:\/\/www.francois-roue.fr\/wp-content\/uploads\/2020\/03\/Mur_murs_industrail_A3_2019-768x1086.jpg 768w, https:\/\/www.francois-roue.fr\/wp-content\/uploads\/2020\/03\/Mur_murs_industrail_A3_2019-780x1103.jpg 780w, https:\/\/www.francois-roue.fr\/wp-content\/uploads\/2020\/03\/Mur_murs_industrail_A3_2019-1200x1697.jpg 1200w, https:\/\/www.francois-roue.fr\/wp-content\/uploads\/2020\/03\/Mur_murs_industrail_A3_2019-400x566.jpg 400w, https:\/\/www.francois-roue.fr\/wp-content\/uploads\/2020\/03\/Mur_murs_industrail_A3_2019.jpg 1600w\" sizes=\"auto, (max-width: 636px) 100vw, 636px\" \/>Trail au coeur de la ville<\/h1>\n<p>Cr\u00e9ation de l&rsquo;identit\u00e9 graphique du trail en zone industrielle organis\u00e9e par la ville de Vitry-sur-Seine. Ce trail s&rsquo;inscrit au sein de l&rsquo;op\u00e9ration culturelle \u00ab\u00a0Mur-murs\u00a0\u00bb, festival des cultures urbaines. L&rsquo;identit\u00e9 visuelle reprend le code couleur cyan et noir de l&rsquo;identit\u00e9 du festival.<\/p>\n<p><img loading=\"lazy\" decoding=\"async\" class=\"alignleft size-large wp-image-785\" src=\"http:\/\/www.francois-roue.fr\/wp-content\/uploads\/2020\/03\/sac_banane_web-1024x724.jpg\" alt=\"\" width=\"1024\" height=\"724\" srcset=\"https:\/\/www.francois-roue.fr\/wp-content\/uploads\/2020\/03\/sac_banane_web-1024x724.jpg 1024w, https:\/\/www.francois-roue.fr\/wp-content\/uploads\/2020\/03\/sac_banane_web-150x106.jpg 150w, https:\/\/www.francois-roue.fr\/wp-content\/uploads\/2020\/03\/sac_banane_web-300x212.jpg 300w, https:\/\/www.francois-roue.fr\/wp-content\/uploads\/2020\/03\/sac_banane_web-768x543.jpg 768w, https:\/\/www.francois-roue.fr\/wp-content\/uploads\/2020\/03\/sac_banane_web-780x551.jpg 780w, https:\/\/www.francois-roue.fr\/wp-content\/uploads\/2020\/03\/sac_banane_web-1200x848.jpg 1200w, https:\/\/www.francois-roue.fr\/wp-content\/uploads\/2020\/03\/sac_banane_web-400x283.jpg 400w, https:\/\/www.francois-roue.fr\/wp-content\/uploads\/2020\/03\/sac_banane_web.jpg 1920w\" sizes=\"auto, (max-width: 1024px) 100vw, 1024px\" \/><\/p>\n<p><img loading=\"lazy\" decoding=\"async\" class=\"alignleft size-large wp-image-786\" src=\"http:\/\/www.francois-roue.fr\/wp-content\/uploads\/2020\/03\/dossart_web-1024x724.jpg\" alt=\"\" width=\"1024\" height=\"724\" srcset=\"https:\/\/www.francois-roue.fr\/wp-content\/uploads\/2020\/03\/dossart_web-1024x724.jpg 1024w, https:\/\/www.francois-roue.fr\/wp-content\/uploads\/2020\/03\/dossart_web-150x106.jpg 150w, https:\/\/www.francois-roue.fr\/wp-content\/uploads\/2020\/03\/dossart_web-300x212.jpg 300w, https:\/\/www.francois-roue.fr\/wp-content\/uploads\/2020\/03\/dossart_web-768x543.jpg 768w, https:\/\/www.francois-roue.fr\/wp-content\/uploads\/2020\/03\/dossart_web-780x551.jpg 780w, https:\/\/www.francois-roue.fr\/wp-content\/uploads\/2020\/03\/dossart_web-1200x848.jpg 1200w, https:\/\/www.francois-roue.fr\/wp-content\/uploads\/2020\/03\/dossart_web-400x283.jpg 400w, https:\/\/www.francois-roue.fr\/wp-content\/uploads\/2020\/03\/dossart_web.jpg 1920w\" sizes=\"auto, (max-width: 1024px) 100vw, 1024px\" \/><img loading=\"lazy\" decoding=\"async\" class=\"alignleft size-large wp-image-794\" src=\"http:\/\/www.francois-roue.fr\/wp-content\/uploads\/2020\/03\/sac_dos-1024x724.jpg\" alt=\"\" width=\"1024\" height=\"724\" srcset=\"https:\/\/www.francois-roue.fr\/wp-content\/uploads\/2020\/03\/sac_dos-1024x724.jpg 1024w, https:\/\/www.francois-roue.fr\/wp-content\/uploads\/2020\/03\/sac_dos-150x106.jpg 150w, https:\/\/www.francois-roue.fr\/wp-content\/uploads\/2020\/03\/sac_dos-300x212.jpg 300w, https:\/\/www.francois-roue.fr\/wp-content\/uploads\/2020\/03\/sac_dos-768x543.jpg 768w, https:\/\/www.francois-roue.fr\/wp-content\/uploads\/2020\/03\/sac_dos-780x551.jpg 780w, https:\/\/www.francois-roue.fr\/wp-content\/uploads\/2020\/03\/sac_dos-1200x848.jpg 1200w, https:\/\/www.francois-roue.fr\/wp-content\/uploads\/2020\/03\/sac_dos-400x283.jpg 400w\" sizes=\"auto, (max-width: 1024px) 100vw, 1024px\" \/><\/p>\n","protected":false},"excerpt":{"rendered":"<p>Trail au coeur de la ville Cr\u00e9ation de l&rsquo;identit\u00e9 graphique du trail en zone industrielle organis\u00e9e par la ville de Vitry-sur-Seine. Ce trail s&rsquo;inscrit au sein de l&rsquo;op\u00e9ration culturelle \u00ab\u00a0Mur-murs\u00a0\u00bb, festival des cultures urbaines. L&rsquo;identit\u00e9 visuelle reprend le code couleur cyan et noir de l&rsquo;identit\u00e9 du festival.<\/p>\n","protected":false},"author":1,"featured_media":794,"comment_status":"open","ping_status":"closed","template":"","meta":{"footnotes":""},"portfolio-category":[14,17],"portfolio-tag":[],"class_list":["post-718","portfolio","type-portfolio","status-publish","has-post-thumbnail","hentry","portfolio-category-identite-graphique","portfolio-category-poster"],"_links":{"self":[{"href":"https:\/\/www.francois-roue.fr\/index.php\/wp-json\/wp\/v2\/portfolio\/718","targetHints":{"allow":["GET"]}}],"collection":[{"href":"https:\/\/www.francois-roue.fr\/index.php\/wp-json\/wp\/v2\/portfolio"}],"about":[{"href":"https:\/\/www.francois-roue.fr\/index.php\/wp-json\/wp\/v2\/types\/portfolio"}],"author":[{"embeddable":true,"href":"https:\/\/www.francois-roue.fr\/index.php\/wp-json\/wp\/v2\/users\/1"}],"replies":[{"embeddable":true,"href":"https:\/\/www.francois-roue.fr\/index.php\/wp-json\/wp\/v2\/comments?post=718"}],"version-history":[{"count":8,"href":"https:\/\/www.francois-roue.fr\/index.php\/wp-json\/wp\/v2\/portfolio\/718\/revisions"}],"predecessor-version":[{"id":795,"href":"https:\/\/www.francois-roue.fr\/index.php\/wp-json\/wp\/v2\/portfolio\/718\/revisions\/795"}],"wp:featuredmedia":[{"embeddable":true,"href":"https:\/\/www.francois-roue.fr\/index.php\/wp-json\/wp\/v2\/media\/794"}],"wp:attachment":[{"href":"https:\/\/www.francois-roue.fr\/index.php\/wp-json\/wp\/v2\/media?parent=718"}],"wp:term":[{"taxonomy":"portfolio-category","embeddable":true,"href":"https:\/\/www.francois-roue.fr\/index.php\/wp-json\/wp\/v2\/portfolio-category?post=718"},{"taxonomy":"portfolio-tag","embeddable":true,"href":"https:\/\/www.francois-roue.fr\/index.php\/wp-json\/wp\/v2\/portfolio-tag?post=718"}],"curies":[{"name":"wp","href":"https:\/\/api.w.org\/{rel}","templated":true}]}}

<h1><img loading="lazy" decoding="async" class="wp-image-719 alignleft" src="http://www.francois-roue.fr/wp-content/uploads/2020/03/Mur_murs_industrail_A3_2019-724x1024.jpg" alt="" width="636" height="900" srcset="https://www.francois-roue.fr/wp-content/uploads/2020/03/Mur_murs_industrail_A3_2019-724x1024.jpg 724w, https://www.francois-roue.fr/wp-content/uploads/2020/03/Mur_murs_industrail_A3_2019-106x150.jpg 106w, https://www.francois-roue.fr/wp-content/uploads/2020/03/Mur_murs_industrail_A3_2019-212x300.jpg 212w, https://www.francois-roue.fr/wp-content/uploads/2020/03/Mur_murs_industrail_A3_2019-768x1086.jpg 768w, https://www.francois-roue.fr/wp-content/uploads/2020/03/Mur_murs_industrail_A3_2019-780x1103.jpg 780w, https://www.francois-roue.fr/wp-content/uploads/2020/03/Mur_murs_industrail_A3_2019-1200x1697.jpg 1200w, https://www.francois-roue.fr/wp-content/uploads/2020/03/Mur_murs_industrail_A3_2019-400x566.jpg 400w, https://www.francois-roue.fr/wp-content/uploads/2020/03/Mur_murs_industrail_A3_2019.jpg 1600w" sizes="auto, (max-width: 636px) 100vw, 636px" />Trail au coeur de la ville</h1>
<p>Création de l&rsquo;identité graphique du trail en zone industrielle organisée par la ville de Vitry-sur-Seine. Ce trail s&rsquo;inscrit au sein de l&rsquo;opération culturelle « Mur-murs », festival des cultures urbaines. L&rsquo;identité visuelle reprend le code couleur cyan et noir de l&rsquo;identité du festival.</p>
<p><img loading="lazy" decoding="async" class="alignleft size-large wp-image-785" src="http://www.francois-roue.fr/wp-content/uploads/2020/03/sac_banane_web-1024x724.jpg" alt="" width="1024" height="724" srcset="https://www.francois-roue.fr/wp-content/uploads/2020/03/sac_banane_web-1024x724.jpg 1024w, https://www.francois-roue.fr/wp-content/uploads/2020/03/sac_banane_web-150x106.jpg 150w, https://www.francois-roue.fr/wp-content/uploads/2020/03/sac_banane_web-300x212.jpg 300w, https://www.francois-roue.fr/wp-content/uploads/2020/03/sac_banane_web-768x543.jpg 768w, https://www.francois-roue.fr/wp-content/uploads/2020/03/sac_banane_web-780x551.jpg 780w, https://www.francois-roue.fr/wp-content/uploads/2020/03/sac_banane_web-1200x848.jpg 1200w, https://www.francois-roue.fr/wp-content/uploads/2020/03/sac_banane_web-400x283.jpg 400w, https://www.francois-roue.fr/wp-content/uploads/2020/03/sac_banane_web.jpg 1920w" sizes="auto, (max-width: 1024px) 100vw, 1024px" /></p>
<p><img loading="lazy" decoding="async" class="alignleft size-large wp-image-786" src="http://www.francois-roue.fr/wp-content/uploads/2020/03/dossart_web-1024x724.jpg" alt="" width="1024" height="724" srcset="https://www.francois-roue.fr/wp-content/uploads/2020/03/dossart_web-1024x724.jpg 1024w, https://www.francois-roue.fr/wp-content/uploads/2020/03/dossart_web-150x106.jpg 150w, https://www.francois-roue.fr/wp-content/uploads/2020/03/dossart_web-300x212.jpg 300w, https://www.francois-roue.fr/wp-content/uploads/2020/03/dossart_web-768x543.jpg 768w, https://www.francois-roue.fr/wp-content/uploads/2020/03/dossart_web-780x551.jpg 780w, https://www.francois-roue.fr/wp-content/uploads/2020/03/dossart_web-1200x848.jpg 1200w, https://www.francois-roue.fr/wp-content/uploads/2020/03/dossart_web-400x283.jpg 400w, https://www.francois-roue.fr/wp-content/uploads/2020/03/dossart_web.jpg 1920w" sizes="auto, (max-width: 1024px) 100vw, 1024px" /><img loading="lazy" decoding="async" class="alignleft size-large wp-image-794" src="http://www.francois-roue.fr/wp-content/uploads/2020/03/sac_dos-1024x724.jpg" alt="" width="1024" height="724" srcset="https://www.francois-roue.fr/wp-content/uploads/2020/03/sac_dos-1024x724.jpg 1024w, https://www.francois-roue.fr/wp-content/uploads/2020/03/sac_dos-150x106.jpg 150w, https://www.francois-roue.fr/wp-content/uploads/2020/03/sac_dos-300x212.jpg 300w, https://www.francois-roue.fr/wp-content/uploads/2020/03/sac_dos-768x543.jpg 768w, https://www.francois-roue.fr/wp-content/uploads/2020/03/sac_dos-780x551.jpg 780w, https://www.francois-roue.fr/wp-content/uploads/2020/03/sac_dos-1200x848.jpg 1200w, https://www.francois-roue.fr/wp-content/uploads/2020/03/sac_dos-400x283.jpg 400w" sizes="auto, (max-width: 1024px) 100vw, 1024px" /></p>

<p>Trail au coeur de la ville Création de l&rsquo;identité graphique du trail en zone industrielle organisée par la ville de Vitry-sur-Seine. Ce trail s&rsquo;inscrit au sein de l&rsquo;opération culturelle « Mur-murs », festival des cultures urbaines. L&rsquo;identité visuelle reprend le code couleur cyan et noir de l&rsquo;identité du festival.</p>
